{"id":140,"date":"2020-02-28T23:25:22","date_gmt":"2020-02-28T23:25:22","guid":{"rendered":"http:\/\/margarete-blank-gedenkstaette.com\/?page_id=140"},"modified":"2021-07-31T09:23:45","modified_gmt":"2021-07-31T09:23:45","slug":"aktiv-werden","status":"publish","type":"page","link":"http:\/\/margarete-blank-gedenkstaette.com\/?page_id=140","title":{"rendered":"Aktiv werden"},"content":{"rendered":"<h2><strong>Mitglied werden<\/strong><\/h2>\n<p>Die Mitgliedschaft im Verein <strong>Dr.-Margarete-Blank-Gedenkst\u00e4tte Panitzsch e. V.<\/strong> ist die verbindlichste Form antifaschistischen Engagements, auch: durch regelm\u00e4\u00dfige Mitgliedsbeitr\u00e4ge das Vereinsleben und dem Erhalt der Gedenkst\u00e4tte zu sichern und die verantwortungsvollen Aufgaben, denen wir uns verschrieben haben, angemessen erf\u00fcllen zu k\u00f6nnen. Einfach <strong><a href=\"http:\/\/margarete-blank-gedenkstaette.com\/wp-content\/uploads\/2021\/07\/MargareteBlankAufnahmeantrag.pdf\">Mitgliedsantrag<\/a><\/strong> ausf\u00fcllen und senden an:<\/p>\n<p><strong><a href=\"mailto:kontakt@margarete-blank-gedenkstaette.de\">kontakt@margarete-blank-gedenkstaette.de<\/a><\/strong><\/p>\n<p>Die Beitragsordnung (<strong>Jahresbeitrag 24 EUR, erm\u00e4\u00dfigt 12 EUR, F\u00f6rdermitglieder 100 EUR<\/strong>) dient als Orientierung f\u00fcr die H\u00f6he des zu entrichtenden Beitragssatzes. Generell gilt aber: Jedes Mitglied zahlt nur soviel, wie es zu zahlen bereit ist.<\/p>\n<p>Daher w\u00fcrden wir uns freuen Sie \/ Euch bei uns begr\u00fc\u00dfen zu k\u00f6nnen.<\/p>\n<p><strong>Die Daten werden elektronisch gespeichert. Alle Angaben werden vertraulich behandelt und ausschlie\u00dflich zur Mitgliederverwaltung genutzt.\u00a0<span style=\"font-size: 1rem;\">An weiteren Daten werden lediglich Datum und Zeit sowie die IP-Adresse gespeichert, um Missbrauch identifizieren und filtern zu k\u00f6nnen.<\/span><\/strong><\/p>\n","protected":false},"excerpt":{"rendered":"<p>Mitglied werden Die Mitgliedschaft im Verein Dr.-Margarete-Blank-Gedenkst\u00e4tte Panitzsch e. V. ist die verbindlichste Form antifaschistischen Engagements, auch: durch regelm\u00e4\u00dfige Mitgliedsbeitr\u00e4ge das Vereinsleben und dem Erhalt der Gedenkst\u00e4tte zu sichern und die verantwortungsvollen Aufgaben, denen wir uns verschrieben haben, angemessen erf\u00fcllen zu k\u00f6nnen. Einfach Mitgliedsantrag ausf\u00fcllen und senden an: kontakt@margarete-blank-gedenkstaette.de Die Beitragsordnung (Jahresbeitrag 24 EUR, erm\u00e4\u00dfigt &hellip; <\/p>\n<p class=\"link-more\"><a href=\"http:\/\/margarete-blank-gedenkstaette.com\/?page_id=140\" class=\"more-link\"><span class=\"screen-reader-text\">\u201eAktiv werden\u201c <\/span>weiterlesen<\/a><\/p>\n","protected":false},"author":1,"featured_media":117,"parent":0,"menu_order":0,"comment_status":"closed","ping_status":"closed","template":"","meta":{"footnotes":""},"class_list":["post-140","page","type-page","status-publish","has-post-thumbnail","hentry"],"_links":{"self":[{"href":"http:\/\/margarete-blank-gedenkstaette.com\/index.php?rest_route=\/wp\/v2\/pages\/140","targetHints":{"allow":["GET"]}}],"collection":[{"href":"http:\/\/margarete-blank-gedenkstaette.com\/index.php?rest_route=\/wp\/v2\/pages"}],"about":[{"href":"http:\/\/margarete-blank-gedenkstaette.com\/index.php?rest_route=\/wp\/v2\/types\/page"}],"author":[{"embeddable":true,"href":"http:\/\/margarete-blank-gedenkstaette.com\/index.php?rest_route=\/wp\/v2\/users\/1"}],"replies":[{"embeddable":true,"href":"http:\/\/margarete-blank-gedenkstaette.com\/index.php?rest_route=%2Fwp%2Fv2%2Fcomments&post=140"}],"version-history":[{"count":7,"href":"http:\/\/margarete-blank-gedenkstaette.com\/index.php?rest_route=\/wp\/v2\/pages\/140\/revisions"}],"predecessor-version":[{"id":264,"href":"http:\/\/margarete-blank-gedenkstaette.com\/index.php?rest_route=\/wp\/v2\/pages\/140\/revisions\/264"}],"wp:featuredmedia":[{"embeddable":true,"href":"http:\/\/margarete-blank-gedenkstaette.com\/index.php?rest_route=\/wp\/v2\/media\/117"}],"wp:attachment":[{"href":"http:\/\/margarete-blank-gedenkstaette.com\/index.php?rest_route=%2Fwp%2Fv2%2Fmedia&parent=140"}],"curies":[{"name":"wp","href":"https:\/\/api.w.org\/{rel}","templated":true}]}}