{"id":32,"date":"2019-10-12T08:59:09","date_gmt":"2019-10-12T08:59:09","guid":{"rendered":"http:\/\/margarete-blank-gedenkstaette.com\/?page_id=32"},"modified":"2026-03-10T19:41:13","modified_gmt":"2026-03-10T19:41:13","slug":"foerderverein","status":"publish","type":"page","link":"http:\/\/margarete-blank-gedenkstaette.com\/?page_id=32","title":{"rendered":"Verein"},"content":{"rendered":"<h2><strong>Dr.-Margarete-Blank-Gedenkst\u00e4tte Panitzsch e. V.<\/strong><\/h2>\n<p>Am 06.11.2019 erfolgte im B\u00fcrgerhaus Zweenfurth die Gr\u00fcndung des Vereins <em><strong>\u201eDr.-Margarete-Blank-Gedenkst\u00e4tte Panitzsch&#8220;<\/strong><\/em>. In der Diskussion betonten die Teilnehmer der Wahlveranstaltung die Notwendigkeit eines eigenst\u00e4ndigen Vereins f\u00fcr die T\u00e4tigkeit im ehemaligen Wohnhaus der von den Nationalsozialisten ermordeten \u00c4rztin Margarete Blank.<\/p>\n<p>Allen Gew\u00e4hlten wurde viel Erfolg bei den bevorstehenden Aufgaben zum Erhalt der Gedenkst\u00e4tte und der Bewahrung der Erinnerung an die Antifaschistin Dr. Margarete Blank, die von den Nazis kurz vor Ende des Krieges unter dem Fallbeil hingerichtet wurde, gew\u00fcnscht. Getreu der Devise: <strong><em>\u201eKein Vergeben! Kein Vergessen!\u201c<\/em><\/strong> m\u00f6chten wir kein Gras \u00fcber die Geschichte dieser engagierten Widerstandsk\u00e4mpferin gegen die Nazis wachsen lassen, und das Gedenken an sie bewahren, um es in die n\u00e4chste Generation zu tragen. Seit 1995 hatte der &#8222;alte&#8220; F\u00f6rderverein unter Leitung von Charlotte Zeitschel das Haus in Pacht und nutzte es entsprechend der Schenkungsbedingungen von 1959 als St\u00e4tte der Auseinandersetzung mit der NS-Diktatur und als Begegnungsst\u00e4tte der Generationen aus dem In- und Ausland. Im Laufe der Zeit wurden die Aufgaben der Gedenkst\u00e4tte in Panitzsch und die ebenfalls unter dem Dach des F\u00f6rdervereins gegr\u00fcndete Gedenkst\u00e4tte f\u00fcr Zwangsarbeit in Leipzig immer spezifischer und auch wegen der r\u00e4umlichen Entfernung war die Zusammenarbeit gering. Mit der erfolgten Vereinsgr\u00fcndung und dem m\u00f6glichen Erhalt der Gemeinn\u00fctzigkeit hoffen wir auf F\u00f6rderm\u00f6glichkeiten, die f\u00fcr den Erhalt des 1929 gebauten Holzhauses dringend geboten sind. Die mit Unterst\u00fctzung der Gemeinde begonnene Sanierung des gesamten Hauses wird fortgesetzt. Im Mittelpunkt wird die Neugestaltung der Ausstellung stehen. Das Wohnhaus von Margarete Blank wird so als Gedenk- und Begegnungsst\u00e4tte das Verm\u00e4chtnis der \u00c4rztin, Humanistin und Christin bewahren.<\/p>\n<p><img loading=\"lazy\" decoding=\"async\" class=\"alignnone size-large wp-image-281\" src=\"http:\/\/margarete-blank-gedenkstaette.com\/wp-content\/uploads\/2024\/05\/IMG_2505-768x1024.jpeg\" alt=\"\" width=\"525\" height=\"700\" srcset=\"http:\/\/margarete-blank-gedenkstaette.com\/wp-content\/uploads\/2024\/05\/IMG_2505-768x1024.jpeg 768w, http:\/\/margarete-blank-gedenkstaette.com\/wp-content\/uploads\/2024\/05\/IMG_2505-225x300.jpeg 225w, http:\/\/margarete-blank-gedenkstaette.com\/wp-content\/uploads\/2024\/05\/IMG_2505-1152x1536.jpeg 1152w, http:\/\/margarete-blank-gedenkstaette.com\/wp-content\/uploads\/2024\/05\/IMG_2505-1536x2048.jpeg 1536w, http:\/\/margarete-blank-gedenkstaette.com\/wp-content\/uploads\/2024\/05\/IMG_2505-scaled.jpeg 1920w\" sizes=\"auto, (max-width: 525px) 100vw, 525px\" \/><\/p>\n<p><strong>Der aktuelle Vorstand wurde am 15.5.2023 gew\u00e4hlt:<\/strong><\/p>\n<ul>\n<li><strong>Dr. Petra Lau (Vorsitzende)<\/strong><\/li>\n<li><strong>Nyke Mika Lou A\u00dfhauer (Stellvertretender Vorsitzender)<\/strong><\/li>\n<li><strong>Henry Lewkowitz <\/strong><strong>(Schatzmeister)<\/strong><\/li>\n<\/ul>\n","protected":false},"excerpt":{"rendered":"<p>Dr.-Margarete-Blank-Gedenkst\u00e4tte Panitzsch e. V. Am 06.11.2019 erfolgte im B\u00fcrgerhaus Zweenfurth die Gr\u00fcndung des Vereins \u201eDr.-Margarete-Blank-Gedenkst\u00e4tte Panitzsch&#8220;. In der Diskussion betonten die Teilnehmer der Wahlveranstaltung die Notwendigkeit eines eigenst\u00e4ndigen Vereins f\u00fcr die T\u00e4tigkeit im ehemaligen Wohnhaus der von den Nationalsozialisten ermordeten \u00c4rztin Margarete Blank. Allen Gew\u00e4hlten wurde viel Erfolg bei den bevorstehenden Aufgaben zum Erhalt der &hellip; <\/p>\n<p class=\"link-more\"><a href=\"http:\/\/margarete-blank-gedenkstaette.com\/?page_id=32\" class=\"more-link\"><span class=\"screen-reader-text\">\u201eVerein\u201c <\/span>weiterlesen<\/a><\/p>\n","protected":false},"author":1,"featured_media":0,"parent":0,"menu_order":0,"comment_status":"closed","ping_status":"closed","template":"","meta":{"footnotes":""},"class_list":["post-32","page","type-page","status-publish","hentry"],"_links":{"self":[{"href":"http:\/\/margarete-blank-gedenkstaette.com\/index.php?rest_route=\/wp\/v2\/pages\/32","targetHints":{"allow":["GET"]}}],"collection":[{"href":"http:\/\/margarete-blank-gedenkstaette.com\/index.php?rest_route=\/wp\/v2\/pages"}],"about":[{"href":"http:\/\/margarete-blank-gedenkstaette.com\/index.php?rest_route=\/wp\/v2\/types\/page"}],"author":[{"embeddable":true,"href":"http:\/\/margarete-blank-gedenkstaette.com\/index.php?rest_route=\/wp\/v2\/users\/1"}],"replies":[{"embeddable":true,"href":"http:\/\/margarete-blank-gedenkstaette.com\/index.php?rest_route=%2Fwp%2Fv2%2Fcomments&post=32"}],"version-history":[{"count":14,"href":"http:\/\/margarete-blank-gedenkstaette.com\/index.php?rest_route=\/wp\/v2\/pages\/32\/revisions"}],"predecessor-version":[{"id":291,"href":"http:\/\/margarete-blank-gedenkstaette.com\/index.php?rest_route=\/wp\/v2\/pages\/32\/revisions\/291"}],"wp:attachment":[{"href":"http:\/\/margarete-blank-gedenkstaette.com\/index.php?rest_route=%2Fwp%2Fv2%2Fmedia&parent=32"}],"curies":[{"name":"wp","href":"https:\/\/api.w.org\/{rel}","templated":true}]}}

<h2><strong>Dr.-Margarete-Blank-Gedenkstätte Panitzsch e. V.</strong></h2>
<p>Am 06.11.2019 erfolgte im Bürgerhaus Zweenfurth die Gründung des Vereins <em><strong>„Dr.-Margarete-Blank-Gedenkstätte Panitzsch&#8220;</strong></em>. In der Diskussion betonten die Teilnehmer der Wahlveranstaltung die Notwendigkeit eines eigenständigen Vereins für die Tätigkeit im ehemaligen Wohnhaus der von den Nationalsozialisten ermordeten Ärztin Margarete Blank.</p>
<p>Allen Gewählten wurde viel Erfolg bei den bevorstehenden Aufgaben zum Erhalt der Gedenkstätte und der Bewahrung der Erinnerung an die Antifaschistin Dr. Margarete Blank, die von den Nazis kurz vor Ende des Krieges unter dem Fallbeil hingerichtet wurde, gewünscht. Getreu der Devise: <strong><em>„Kein Vergeben! Kein Vergessen!“</em></strong> möchten wir kein Gras über die Geschichte dieser engagierten Widerstandskämpferin gegen die Nazis wachsen lassen, und das Gedenken an sie bewahren, um es in die nächste Generation zu tragen. Seit 1995 hatte der &#8222;alte&#8220; Förderverein unter Leitung von Charlotte Zeitschel das Haus in Pacht und nutzte es entsprechend der Schenkungsbedingungen von 1959 als Stätte der Auseinandersetzung mit der NS-Diktatur und als Begegnungsstätte der Generationen aus dem In- und Ausland. Im Laufe der Zeit wurden die Aufgaben der Gedenkstätte in Panitzsch und die ebenfalls unter dem Dach des Fördervereins gegründete Gedenkstätte für Zwangsarbeit in Leipzig immer spezifischer und auch wegen der räumlichen Entfernung war die Zusammenarbeit gering. Mit der erfolgten Vereinsgründung und dem möglichen Erhalt der Gemeinnützigkeit hoffen wir auf Fördermöglichkeiten, die für den Erhalt des 1929 gebauten Holzhauses dringend geboten sind. Die mit Unterstützung der Gemeinde begonnene Sanierung des gesamten Hauses wird fortgesetzt. Im Mittelpunkt wird die Neugestaltung der Ausstellung stehen. Das Wohnhaus von Margarete Blank wird so als Gedenk- und Begegnungsstätte das Vermächtnis der Ärztin, Humanistin und Christin bewahren.</p>
<p><img loading="lazy" decoding="async" class="alignnone size-large wp-image-281" src="http://margarete-blank-gedenkstaette.com/wp-content/uploads/2024/05/IMG_2505-768x1024.jpeg" alt="" width="525" height="700" srcset="http://margarete-blank-gedenkstaette.com/wp-content/uploads/2024/05/IMG_2505-768x1024.jpeg 768w, http://margarete-blank-gedenkstaette.com/wp-content/uploads/2024/05/IMG_2505-225x300.jpeg 225w, http://margarete-blank-gedenkstaette.com/wp-content/uploads/2024/05/IMG_2505-1152x1536.jpeg 1152w, http://margarete-blank-gedenkstaette.com/wp-content/uploads/2024/05/IMG_2505-1536x2048.jpeg 1536w, http://margarete-blank-gedenkstaette.com/wp-content/uploads/2024/05/IMG_2505-scaled.jpeg 1920w" sizes="auto, (max-width: 525px) 100vw, 525px" /></p>
<p><strong>Der aktuelle Vorstand wurde am 15.5.2023 gewählt:</strong></p>
<ul>
<li><strong>Dr. Petra Lau (Vorsitzende)</strong></li>
<li><strong>Nyke Mika Lou Aßhauer (Stellvertretender Vorsitzender)</strong></li>
<li><strong>Henry Lewkowitz </strong><strong>(Schatzmeister)</strong></li>
</ul>

<p>Dr.-Margarete-Blank-Gedenkstätte Panitzsch e. V. Am 06.11.2019 erfolgte im Bürgerhaus Zweenfurth die Gründung des Vereins „Dr.-Margarete-Blank-Gedenkstätte Panitzsch&#8220;. In der Diskussion betonten die Teilnehmer der Wahlveranstaltung die Notwendigkeit eines eigenständigen Vereins für die Tätigkeit im ehemaligen Wohnhaus der von den Nationalsozialisten ermordeten Ärztin Margarete Blank. Allen Gewählten wurde viel Erfolg bei den bevorstehenden Aufgaben zum Erhalt der &hellip; </p>
<p class="link-more"><a href="http://margarete-blank-gedenkstaette.com/?page_id=32" class="more-link"><span class="screen-reader-text">„Verein“ </span>weiterlesen</a></p>
