{"id":64,"date":"2019-10-13T13:46:44","date_gmt":"2019-10-13T13:46:44","guid":{"rendered":"http:\/\/margarete-blank-gedenkstaette.com\/?page_id=64"},"modified":"2026-03-10T19:41:33","modified_gmt":"2026-03-10T19:41:33","slug":"wir-ueber-uns","status":"publish","type":"page","link":"http:\/\/margarete-blank-gedenkstaette.com\/?page_id=64","title":{"rendered":"Wir \u00fcber uns"},"content":{"rendered":"<p style=\"text-align: center;\"><strong>IN MEMORIAM DR.MED.MARGARETE VIKTORIA BLANK<br \/>\n<\/strong><\/p>\n<p style=\"text-align: center;\"><strong>geb. am 21.02.1901<br \/>\nermordet am 08.02.1945<\/strong><\/p>\n<p><em>\u201eVerzeiht mir, wenn ich manchmal zu wenig Zeit f\u00fcr Euch hatte! Die Pflicht gegen meine Kranken ging mir vor.\u201c<\/em> In den letzten Stunden ihres Lebens schrieb Margarete Blank diese Zeilen an ihren Bruder Herbert. Sie war Opfer einer Denunziation durch einen Berufskollegen geworden, dessen Kinder sie von einer damals todbringenden Krankheit geheilt hatte. Im Gespr\u00e4ch mit der Mutter der Kinder hatte sie sich positiv \u00fcber die Sowjetunion und die Rote Armee ge\u00e4u\u00dfert. Das gen\u00fcgte f\u00fcr eine Verurteilung wegen angeblicher Wehrkraftzersetzung zum Tode. Wenige Stunden vor Beginn der Bombenangriffe auf Dresden wurde das Urteil noch in den Abendstunden des 08. Februar vollstreckt. Margarete Blank wurde vor 118 Jahren geboren und starb unter dem Fallbeil vor 74 Jahren. Sie ist gerade einmal 44 Jahre alt geworden. Alle, die sich etwas n\u00e4her mit ihrer Biografie besch\u00e4ftigen, sind beeindruckt von der Pers\u00f6nlichkeit der \u00c4rztin. In Kiew als Deutsch-Baltin geboren, kam sie mit 20 Jahren nach Leipzig und studierte hier Medizin. Sie wurde eine hervorragende \u00c4rztin und bis heute erinnern sich \u00e4ltere Bewohner unserer Gemeinde Borsdorf mit gro\u00dfer Wertsch\u00e4tzung an Margarete Blank. Als sie am 14. Juli 1944 zum Gestapoverh\u00f6r nach Leipzig fuhr, konnte sie nicht ahnen, dass sie nie wieder in ihr H\u00e4uschen nach Panitzsch (Ortsteil von Borsdorf) zur\u00fcckkehren w\u00fcrde. Der \u201cPilz\u201c wie das kleine Holzhaus wegen der Dachform bis heute bezeichnet wird, hat eine wechselvolle Geschichte erlebt. Es war 1929 von Margarete und ihrer Schwester, Freunden und Medizinkollegen auf freiem Feld errichtet worden. Nach Kriegsende lebten Umsiedler im Haus und in den 50er Jahren wurde es als Jugendheim genutzt. Die Gemeinde Panitzsch verkaufte das Haus dann sp\u00e4ter an einen Privatmann. Schwester und Schwager von Margarete Blank erwarben das Haus unter gro\u00dfen finanziellen Anstrengungen zur\u00fcck. Sie erinnerten die Gemeinde an die Lebensgeschichte der \u00c4rztin. 1959 machte schlie\u00dflich Schwester Eleonore das Haus der Gemeinde zum Geschenk. In der Schenkungsurkunde wurde festgehalten, dass das Haus nie abgerissen werden d\u00fcrfe und immer als Ort der Erinnerung an Margarete Blank zu nutzen ist. Nachdem aber 1970 die Gemeinde gegen den Schenkungsvertrag versto\u00dfen und das Haus verkauft hatte, musste der Verkauf nach energischem Protest von Eleonore Behrsing r\u00fcckg\u00e4ngig gemacht werden. 1975 wurde schlie\u00dflich ein kleiner Gedenkraum im Haus eingerichtet.1990 drohte erneuter Verkauf, konnte aber durch den damaligen Amtsleiter im Kulturamt verhindert werden. Seit 1995 hatte der von Charlotte Zeitschel gegr\u00fcndete F\u00f6rderverein das Haus in Pacht und nutzte es entsprechend den Schenkungsbedingungen als Gedenk- und Begegnungsst\u00e4tte. Nach dem Tod von Charlotte Zeitschel, die unter dem Dach des F\u00f6rdervereins auch die Gedenkst\u00e4tte f\u00fcr Zwangsarbeit in Leipzig gr\u00fcndete und sich als Vorsitzende bleibende Verdienste erworben hat, arbeitete eine kleine Arbeitsgruppe im Blank-Haus. 2012\/13 wurde mit der notwendigen \u00e4u\u00dferen und inneren Sanierung des Hauses, die die Neugestaltung des Gedenkraumes, die Nutzung der weiteren R\u00e4ume des Hauses f\u00fcr Veranstaltungen und die Gestaltung der Au\u00dfenanlagen einbezieht, begonnen. Die zur Verf\u00fcgung gestellten Mittel, vor allem von der Gemeinde, reichen daf\u00fcr nicht aus. Gef\u00f6rdert wurde bisher im Rahmen des F\u00f6rdervereins die gr\u00f6\u00dfere Gedenkst\u00e4tte f\u00fcr Zwangsarbeit in Leipzig. <span class=\"author-a-z78zpz80zsz84zz66zz89z9z86zz76zz85zz65zz88zz87z0m\">Da auch die Aufgaben beider Gedenkst\u00e4tten immer spezifischer wurden, wurde im November 2019 ein eigenst\u00e4ndiger Verein\u00a0<\/span><strong><span class=\"author-a-z78zpz80zsz84zz66zz89z9z86zz76zz85zz65zz88zz87z0m i\"><i>\u201eDr.-Margarete-Blank-Gedenkst\u00e4tte Panitzsch e. V\u201c<\/i><\/span><\/strong><span class=\"author-a-z78zpz80zsz84zz66zz89z9z86zz76zz85zz65zz88zz87z0m\"> gegr\u00fcndet, dessen Ziel der Aufbau einer antifaschistischen Erholungs- \/ Begegnungsst\u00e4tte ist, wo die Erinnerung bewahrt wird und das Gedenken in die n\u00e4chste Generation getragen wird.<\/span><\/p>\n<p>Auf dem Laufenden \u00fcber die Gedenkst\u00e4tte und den Verein kann man sich auf unserer Internetpr\u00e4senz <strong>www.margarete-blank-haus.de<\/strong> oder \u00fcber Social Media Facebook \/ Twitter halten. \u00dcber tatkr\u00e4ftige Unterst\u00fctzung \/ Spenden (siehe Internetseite) zum Erhalt der Gedenkst\u00e4tte freuen wir uns immer gerade in Zeiten, wo zivil gesellschaftliche Erinnerungsprojekte unter politischen Druck von rechts geraten.<\/p>\n<p>Wir wissen um die Verantwortung, das Bank-Haus zu erhalten. Es soll auch das einzige in Deutschland erhaltene Haus sein, in dem eine \u00c4rztin wohnte, die von den Nationalsozialisten ermordet wurde. Die heutige Welt mahnt uns, die Erinnerung an Menschen wie Margarete Blank, an die Christin, Humanistin und unerschrockene Gegnerin eines unmenschlichen, verbrecherischen Regimes zu bewahren. Als Interimsl\u00f6sung bis zur Neuer\u00f6ffnung des Blank-Hauses wurde mit finanzieller Unterst\u00fctzung der Stadt Leipzig die Wanderausstellung \u00fcberarbeitet und in eine moderne ansprechende Form gebracht. Sie kann angefordert werden. Wir w\u00fcrden es gern mit Gespr\u00e4chsrunden an Schulen und Einrichtungen verbinden, um das Gedenken an diese besondere Frau zu bewahren, und die Erinnerung in die n\u00e4chste Generation zu tragen.<\/p>\n<p><strong>Dr. Petra Lau<br \/>\nNyke Mika Lou A\u00dfhauer<\/strong><\/p>\n","protected":false},"excerpt":{"rendered":"<p>IN MEMORIAM DR.MED.MARGARETE VIKTORIA BLANK geb. am 21.02.1901 ermordet am 08.02.1945 \u201eVerzeiht mir, wenn ich manchmal zu wenig Zeit f\u00fcr Euch hatte! Die Pflicht gegen meine Kranken ging mir vor.\u201c In den letzten Stunden ihres Lebens schrieb Margarete Blank diese Zeilen an ihren Bruder Herbert. Sie war Opfer einer Denunziation durch einen Berufskollegen geworden, dessen &hellip; <\/p>\n<p class=\"link-more\"><a href=\"http:\/\/margarete-blank-gedenkstaette.com\/?page_id=64\" class=\"more-link\"><span class=\"screen-reader-text\">\u201eWir \u00fcber uns\u201c <\/span>weiterlesen<\/a><\/p>\n","protected":false},"author":1,"featured_media":12,"parent":0,"menu_order":0,"comment_status":"closed","ping_status":"closed","template":"","meta":{"footnotes":""},"class_list":["post-64","page","type-page","status-publish","has-post-thumbnail","hentry"],"_links":{"self":[{"href":"http:\/\/margarete-blank-gedenkstaette.com\/index.php?rest_route=\/wp\/v2\/pages\/64","targetHints":{"allow":["GET"]}}],"collection":[{"href":"http:\/\/margarete-blank-gedenkstaette.com\/index.php?rest_route=\/wp\/v2\/pages"}],"about":[{"href":"http:\/\/margarete-blank-gedenkstaette.com\/index.php?rest_route=\/wp\/v2\/types\/page"}],"author":[{"embeddable":true,"href":"http:\/\/margarete-blank-gedenkstaette.com\/index.php?rest_route=\/wp\/v2\/users\/1"}],"replies":[{"embeddable":true,"href":"http:\/\/margarete-blank-gedenkstaette.com\/index.php?rest_route=%2Fwp%2Fv2%2Fcomments&post=64"}],"version-history":[{"count":16,"href":"http:\/\/margarete-blank-gedenkstaette.com\/index.php?rest_route=\/wp\/v2\/pages\/64\/revisions"}],"predecessor-version":[{"id":292,"href":"http:\/\/margarete-blank-gedenkstaette.com\/index.php?rest_route=\/wp\/v2\/pages\/64\/revisions\/292"}],"wp:featuredmedia":[{"embeddable":true,"href":"http:\/\/margarete-blank-gedenkstaette.com\/index.php?rest_route=\/wp\/v2\/media\/12"}],"wp:attachment":[{"href":"http:\/\/margarete-blank-gedenkstaette.com\/index.php?rest_route=%2Fwp%2Fv2%2Fmedia&parent=64"}],"curies":[{"name":"wp","href":"https:\/\/api.w.org\/{rel}","templated":true}]}}